
1
Suppose 59*m - 1173 = 36*m. Suppose -46*u + m*u - 3145 = 0. What is the hundreds digit of u?
6
Suppose -17*z - 2*z = -196384. What is the hundreds digit of z?
3
Let c(x) = 117*x + 15. Let l be c(8). Suppose -2*h - 2013 = -2*s + l, -2*s = 3*h + 4431. What is the tens digit of h/(-15) + 2/5?
9
Suppose -6*z = 15*z + 38*z - 678441. What is the tens digit of z?
9
Let l(z) = 350*z - 4. Let n be l(5). Suppose 0 = -8*u - 12 + 28. Suppose -n = -u*q - 7*q. What is the hundreds digit of q?
1
Let y(p) = 8*p + 43. Let u be y(24). Suppose 0 = 2*l - 693 + u. What is the tens digit of l?
2
Let h = -1448 + 2043. Suppose 5*n - 3 - 12 = 0. Suppose -2*g + h = n*g. What is the tens digit of g?
1
Suppose 57478 = 26*j + 17*j - 247048. What is the hundreds digit of j?
0
Let k(i) = 13*i**2 - 7 + 5 - 14 - 8 - 28*i. What is the hundreds digit of k(8)?
5
What is the ten thousands digit of 18096/6*143/(-104)*-4?
1
Let s be 1 + 3 + 693 - 2. Suppose -3*i + 2*z = -2096, 5*i + 3*z - s = 4*i. Suppose i = 9*q + 41. What is the units digit of q?
3
Let v be 451 - (-12)/(-5 - -3). Let c = v + -122. What is the hundreds digit of c?
3
Suppose -5*c + 8 = -2*v + 38, -32 = 3*c - 4*v. Let d(f) = 7*f**2 - 9*f - 9. What is the hundreds digit of d(c)?
1
Let i = 6230 - -590. Suppose -q + 12*q = i. What is the tens digit of q?
2
Suppose -6*k = -498 + 486. Suppose -2*h - k*y + 140 = -812, 2*h - 952 = 2*y. What is the hundreds digit of h?
4
Let t(u) = -u**3 + 5*u**2 - 4*u. Let r be t(3). Let q(v) = -v**3 + 2*v**2 + 3*v - 6. Let g be q(r). Let z = 197 + g. What is the tens digit of z?
6
Let t(o) = -31*o + 12 + 2*o + 5*o**3 - 4*o**3 + 13*o**2. Let j be t(-15). What is the tens digit of 1/(-3) + (-814)/j?
7
Let h(m) = -88*m**3 - m + 4*m**2 - 2*m**2 + 2*m. Suppose 27*z + 6 = 21*z. What is the units digit of h(z)?
9
Let i(m) = 249*m**3 - 41*m**2 + 224*m + 1. What is the thousands digit of i(5)?
1
Let c(o) = -5*o + 102. Let l be c(14). Suppose 67*y - 44310 = l*y. What is the thousands digit of y?
1
Suppose -v + 4033 = -4*i, 0 = -i - 4*v - v - 982. Let d = i - -1658. Suppose n + 6*n - d = 0. What is the tens digit of n?
9
Let x = -419 - -1178. Suppose -3*u + x = 3*m, -7*m + 6*m - 5*u + 273 = 0. What is the tens digit of m?
4
Let d = -158 + 163. Suppose -5*t = q - 2*q - 603, 0 = 5*t + d*q - 615. What is the tens digit of t?
2
What is the ten thousands digit of (3 + -2)/(4*(-10 + (-8290248)/(-829024)))?
2
Let a be (-6)/(-1)*14 - -2. Suppose -2*g - 162 + 186 = 0. Let d = a + g. What is the tens digit of d?
9
Let t(a) = -3*a + 82. Let z be t(28). What is the tens digit of (-506)/z - (-16 + 15)?
5
What is the units digit of (7 - 64/8)*(-7 + 11) - -17464?
0
Let y(f) = -f**2 + 12*f + 12. Let b be y(13). What is the tens digit of (-2)/(-1) - (-370 + b + 13)?
6
Suppose -5*q + 4*o + o + 160 = 0, -4*o - 98 = -3*q. Suppose -g + 6 = h, -3*g = -h + 2*g + q. Suppose -6 = -2*z + h. What is the units digit of z?
8
Suppose -f = -764*g + 767*g - 18677, 3*g - 21 = 0. What is the thousands digit of f?
8
Let k(g) = g**3 - 8*g**2 + 9*g. Let n be k(7). Let o = -943 + 943. Suppose o = n*v - 1305 - 1131. What is the units digit of v?
4
Suppose -d - h - 57 = -4*h, 4*h + 84 = -2*d. Let c = -45 - d. Suppose -2*t = -5*g - 41, -c*g = t - 0*t - 4. What is the tens digit of t?
1
Let w = -20 - -22. Suppose 5*v = w*v + 12. Let r(x) = 6*x + 53. What is the tens digit of r(v)?
7
Let g = 1507 - 946. What is the tens digit of g?
6
Suppose 2*y - 43*k - 17959 = -46*k, 5*y + 5*k = 44900. What is the hundreds digit of y?
9
Let v(q) = 84*q + 75. What is the thousands digit of v(68)?
5
Suppose 10295*i - 148208 = 10287*i. What is the units digit of i?
6
Suppose s + 389587 = 6*y, -4*y - 42*s + 259748 = -46*s. What is the units digit of y?
0
Let v be ((-32)/(-160))/(2/(-10)). What is the tens digit of v/((-2)/1706) - (3 - 4)?
5
Suppose -5*a + 2*i = -50, -5*i + 7*i = 0. Suppose a*x = 14*x - 1492. Suppose -496 = -4*m - 2*v, 3*m + 3*v - x = 2*v. What is the units digit of m?
5
Let f(x) = x**3 + 15*x**2 - 19*x + 16. Let s be f(-16). Let b(c) = -143 - 23*c + s + 65. What is the tens digit of b(-5)?
0
Suppose 3*f - 2*y = 2*f + 2491, f - 5*y = 2500. Let l = f - 1742. What is the hundreds digit of l?
7
What is the hundreds digit of (-5)/(-2)*(3 + (-11)/5) + 9211?
2
What is the units digit of 17841182/747 - (-2)/9?
4
Let o(w) = w**3 - 154*w**2 + 67*w + 1348. What is the units digit of o(155)?
8
Suppose 0 = 5*w - 5, 0*k + 47 = k + 5*w. Suppose 20 = y + 5*i, -3*y + 3*i + 1 = 13. Suppose y = -p + k + 1. What is the units digit of p?
3
Suppose 0*l + 4*l = -3*c + 8, -2*l + 4 = 5*c. Suppose -4*b = 2*f - 140, -2*b - l*b = 3*f - 138. What is the tens digit of b?
3
Let u be 180 - ((-24)/(-4) - 3). Let s(j) = 2*j**3 - 21*j**2 - 5*j - 14. Let p be s(11). Let a = u - p. What is the hundreds digit of a?
1
Let i = 497 - 497. What is the tens digit of -43*(i - 7/7)?
4
Suppose 34 = 5*o + 14, 0 = -3*i + 5*o + 106447. What is the hundreds digit of i?
4
What is the hundreds digit of (3/((-30)/(-47672)))/(804/10050)?
5
Suppose 20*b - 559682 = -26*b. What is the thousands digit of b?
2
Let q be (7 - 5219/3)/((-3)/9). What is the units digit of q/18 - (-4)/18?
9
Let r(j) = 36*j**2 - 317*j - 36. What is the tens digit of r(-12)?
5
Suppose t = 6*k - 2*k + 6771, -5 = 5*k. What is the thousands digit of t?
6
Let q(k) = 15*k**3 + 30*k**2 + 13*k + 14. Let h(c) = -5*c**3 - 10*c**2 - 5*c - 5. Let s(u) = 11*h(u) + 4*q(u). What is the hundreds digit of s(4)?
4
Let r(d) = 74*d**3 - 7*d**2 + 6*d + 2. Let o(g) = -73*g**3 + 8*g**2 - 7*g - 3. Let f(j) = 5*o(j) + 6*r(j). What is the tens digit of f(2)?
2
Suppose -14*f + 55464 - 11126 = 0. What is the units digit of f?
7
Let i = 21 + -18. Suppose 11*l - i*c = 7*l - 744, 5*c = -2*l - 398. Let u = -99 - l. What is the units digit of u?
0
What is the tens digit of 14717/2*(137 - 129)?
6
Suppose -m = 9*m + 2*m - 39408. What is the tens digit of m?
8
Let o be 0 + 3 - -1*4/1. What is the hundreds digit of (8 - o)*(111 - -6)?
1
Let f = 177 + -30. Let y = f + -81. What is the units digit of y?
6
Let r(k) = 65*k + 111. Suppose -8*c + 31 = -9. What is the units digit of r(c)?
6
Let o = -54 - -56. Suppose l = o*s - 0*s - 1002, -3*s = -5*l - 1489. Suppose 0 = -3*p + 5*n + 831, 2*p + 3*n - s = 70. What is the tens digit of p?
8
Suppose 10*r + 12 = 42. Suppose -r*q - 3*v + v = -1150, 2*v = -q + 390. What is the units digit of q?
0
Suppose -20 = -0*t - 3*t - 5*b, -b - 2 = 0. What is the hundreds digit of 6/(-15)*(-615)/t*15?
3
Let l = 53 - 43. Suppose l*o - 4427 = -977. Suppose -2*u - 71 - 37 = -z, 0 = 3*z + u - o. What is the hundreds digit of z?
1
Suppose -21*x = -37*x - 73*x + 2549138. What is the hundreds digit of x?
6
Suppose 0 = -69*y + 94*y - 253975. What is the tens digit of y?
5
Let i = -1055 + 1057. Let r = 1 - 1. Suppose i*y - h - 56 = 0, 0 = -r*h - h + 2. What is the units digit of y?
9
Suppose 0 = -38203*f + 38187*f + 781088. What is the units digit of f?
8
Let a be -2*(-2)/(8/1046). Suppose 7*i = 1094 + a. What is the hundreds digit of i?
2
Suppose 1849383 = 298*n - 1801303 + 1353106. What is the hundreds digit of n?
7
Suppose 0 = -4*u + 2*l - 14 + 48, 0 = -4*u + 4*l + 28. Suppose u*o - 1416 = 2*o. Let d = o + -98. What is the units digit of d?
9
Let i(h) = 21*h**2 - 4*h - 7. Let p be i(5). Suppose -4*y = -5*a + p, 5*y - 382 = -5*a + a. Suppose 2*d - a = 102. What is the units digit of d?
0
Let u(r) = -18*r + 5 + 4 - 4 + 8. Let x be u(2). Let w = x - -56. What is the tens digit of w?
3
Let a be (16/(-30)*3)/(2/235). Let f = a + 111. Let h = 84 + f. What is the units digit of h?
7
Suppose -y - 7*y = -2392. Suppose y = 4*l - w, -w + 2 + 3 = 0. What is the tens digit of l?
7
Let a = 13030 - -7735. What is the tens digit of a?
6
Suppose 3*m - 90 = 3. Let x = 40 - m. Suppose 5*f + 3*w = w + 71, 0 = f + 3*w - x. What is the tens digit of f?
1
Let u be 3251/(72/(-16)*2/(-18)). Suppose u - 132 = 5*g. What is the units digit of g?
4
Let n(g) = 4*g**3 + 4*g**2 + 2*g - 3. Let h be n(5). What is the hundreds digit of -3*(-1)/(3/h)?
6
Let q = 2046 + 6240. Suppose 13*d + 3112 = q. What is the units digit of d?
8
Let q be 16/12*261/4. Let h = q + 18. What is the hundreds digit of h?
1
Suppose -108*c = 113850 - 850194. What is the hundreds digit of c?
8